when 146 is divided by 27?
11
Calculate the remainder when 159 is divided by 13.
3
Calculate the remainder when 1555 is divided by 60.
55
What is the remainder when 218 is divided by 38?
28
Calculate the remainder when 927 is divided by 30.
27
Calculate the remainder when 1399 is divided by 18.
13
Calculate the remainder when 1856 is divided by 11.
8
Calculate the remainder when 575 is divided by 94.
11
What is the remainder when 516 is divided by 31?
20
What is the remainder when 261 is divided by 4?
1
What is the remainder when 1321 is divided by 53?
49
Calculate the remainder when 330 is divided by 14.
8
Calculate the remainder when 1843 is divided by 107.
24
Calculate the remainder when 58 is divided by 30.
28
Calculate the remainder when 373 is divided by 89.
17
What is the remainder when 26 is divided by 8?
2
Calculate the remainder when 11854 is divided by 78.
76
What is the remainder when 6062 is divided by 16?
14
Calculate the remainder when 474 is divided by 44.
34
What is the remainder when 269 is divided by 6?
5
What is the remainder when 473 is divided by 172?
129
What is the remainder when 335 is divided by 80?
15
What is the remainder when 3383 is divided by 28?
23
Calculate the remainder when 189 is divided by 53.
30
What is the remainder when 1172 is divided by 166?
10
Calculate the remainder when 140 is divided by 11.
8
What is the remainder when 457 is divided by 152?
1
What is the remainder when 57 is divided by 20?
17
Calculate the remainder when 22 is divided by 16.
6
Calculate the remainder when 152 is divided by 31.
28
What is the remainder when 701 is divided by 91?
64
Calculate the remainder when 458 is divided by 150.
8
Calculate the remainder when 100 is divided by 22.
12
Calculate the remainder when 118 is divided by 15.
13
What is the remainder when 3819 is divided by 3?
0
Calculate the remainder when 76 is divided by 59.
17
What is the remainder when 79 is divided by 4?
3
What is the remainder when 40 is divided by 7?
5
What is the remainder when 1192 is divided by 13?
9
Calculate the remainder when 215 is divided by 203.
12
What is the remainder when 1402 is divided by 54?
52
What is the remainder when 113 is divided by 47?
19
What is the remainder when 983 is divided by 101?
74
Calculate the remainder when 125 is divided by 43.
39
What is the remainder when 351 is divided by 72?
63
Calculate the remainder when 236 is divided by 10.
6
Calculate the remainder when 224 is divided by 109.
6
Calculate the remainder when 834 is divided by 192.
66
Calculate the remainder when 9518 is divided by 14.
12
What is the remainder when 86 is divided by 30?
26
What is the remainder when 1059 is divided by 188?
119
Calculate the remainder when 477 is divided by 10.
7
Calculate the remainder when 6021 is divided by 21.
15
What is the remainder when 779 is divided by 95?
19
What is the remainder when 178 is divided by 5?
3
Calculate the remainder when 120 is divided by 44.
32
Calculate the remainder when 1676 is divided by 129.
128
Calculate the remainder when 67 is divided by 18.
13
Calculate the remainder when 261 is divided by 66.
63
Calculate the remainder when 70 is divided by 6.
4
Calculate the remainder when 29237 is divided by 85.
82
What is the remainder when 17917 is divided by 103?
98
Calculate the remainder when 2124 is divided by 112.
108
Calculate the remainder when 2702 is divided by 70.
42
What is the remainder when 2085 is divided by 72?
69
Calculate the remainder when 25 is divided by 8.
1
What is the remainder when 94 is divided by 91?
3
Calculate the remainder when 78741 is divided by 136.
133
Calculate the remainder when 317 is divided by 53.
52
What is the remainder when 297 is divided by 30?
27
Calculate the remainder when 2157 is divided by 45.
42
What is the remainder when 4719 is divided by 80?
79
Calculate the remainder when 75868 is divided by 15.
13
Calculate the remainder when 455 is divided by 38.
37
Calculate the remainder when 1052 is divided by 8.
4
What is the remainder when 432 is divided by 47?
9
What is the remainder when 4451 is divided by 247?
5
What is the remainder when 4422 is divided by 28?
26
What is the remainder when 1300 is divided by 83?
55
What is the remainder when 661 is divided by 37?
32
Calculate the remainder when 172 is divided by 18.
10
What is the remainder when 218 is divided by 42?
8
What is the remainder when 33 is divided by 13?
7
What is the remainder when 283 is divided by 82?
37
Calculate the remainder when 325 is divided by 2.
1
Calculate the remainder when 2798 is divided by 8.
6
Calculate the remainder when 392 is divided by 111.
59
Calculate the remainder when 299 is divided by 11.
2
Calculate the remainder when 109 is divided by 7.
4
What is the remainder when 232 is divided by 34?
28
What is the remainder when 436 is divided by 19?
18
Calculate the remainder when 2919 is divided by 16.
7
Calculate the remainder when 22 is divided by 4.
2
What is the remainder when 126 is divided by 33?
27
Calculate the remainder when 560 is divided by 274.
12
What is the remainder when 153 is divided by 22?
21
What is the remainder when 1364 is divided by 72?
68
Calculate the remainder when 121 is divided by 21.
16
Calculate the remainder when 756 is divided by 95.
91
What is the remainder when 134 is divided by 16?
6
What is the remainder when 18783 is divided by 62?
59
Calculate the remainder when 4130 is divided by 9.
8
Calculate the remainder when 291 is divided by 75.
66
Calculate the remainder when 131 is divided by 35.
26
Calculate the remainder when 1491 is divided by 250.
241
What is the remainder when 112 is divided by 105?
7
What is the remainder when 3315 is divided by 77?
4
What is the remainder when 1178 is divided by 131?
130
What is the remainder when 159 is divided by 32?
31
Calculate the remainder when 11212 is divided by 42.
40
What is the remainder when 718 is divided by 572?
146
Calculate the remainder when 1294 is divided by 320.
14
Calculate the remainder when 449 is divided by 30.
29
Calculate the remainder when 4601 is divided by 29.
19
Calculate the remainder when 6910 is divided by 108.
106
What is the remainder when 130 is divided by 44?
42
Calculate the remainder when 7213 is divided by 15.
13
What is the remainder when 1128 is divided by 304?
216
What is the remainder when 123 is divided by 62?
61
Calculate the remainder when 608 is divided by 156.
140
Calculate the remainder when 194 is divided by 5.
4
What is the remainder when 6667 is divided by 58?
55
Calculate the remainder when 391 is divided by 9.
4
What is the remainder when 77 is divided by 5?
2
Calculate the remainder when 440 is divided by 185.
70
What is the remainder when 128 is divided by 13?
11
What is the remainder when 367 is divided by 120?
7
What is the remainder when 745 is divided by 120?
25
Calculate the remainder when 527 is divided by 135.
122
What is the remainder when 78 is divided by 41?
37
What is the remainder when 1197 is divided by 24?
21
What is the remainder when 1336 is divided by 7?
6
Calculate the remainder when 3004 is divided by 10.
4
Calculate the remainder when 1000 is divided by 499.
2
What is the remainder when 1019 is divided by 54?
47
Calculate the remainder when 231 is divided by 117.
114
What is the remainder when 79 is divided by 67?
12
What is the remainder when 1051 is divided by 39?
37
What is the remainder when 511 is divided by 26?
17
What is the remainder when 1140 is divided by 276?
36
Calculate the remainder when 3414 is divided by 22.
4
What is the remainder when 5548 is divided by 32?
12
What is the remainder when 33 is divided by 18?
15
What is the remainder when 806 is divided by 42?
8
Calculate the remainder when 676 is divided by 334.
8
What is the remainder when 149 is divided by 13?
6
What is the remainder when 53 is divided by 6?
5
Calculate the remainder when 455 is divided by 78.
65
Calculate the remainder when 388 is divided by 82.
60
Calculate the remainder when 789 is divided by 50.
39
Calculate the remainder when 47 is divided by 2.
1
Calculate the remainder when 86 is divided by 22.
20
Calculate the remainder when 44 is divided by 5.
4
What is the remainder when 95 is divided by 15?
5
Calculate the remainder when 905 is di